3 is divided by 31 - (-1)/((8/6)/z)?
27
Let l(z) = -5*z - 24. Let n be l(-5). Suppose -17*d + 1 = n. Suppose d = 5*p - 4*o - 114, p - 39 = -4*o + 3. What is the remainder when p is divided by 16?
10
Calculate the remainder when (-11377)/(-5) + (126/45)/(-7) is divided by 43.
39
Suppose -11133 = -4*r + 5*h + 411, 14401 = 5*r + h. Calculate the remainder when r is divided by 49.
39
Let d be 1604/10 - 12/30. Let g = -29 + d. Calculate the remainder when g is divided by 22.
21
Let u = 3 + 0. Suppose -u*y = -15, 0*q - 3*y = 3*q - 27. Suppose c - 20 = -3*p - 0, 6 = 3*c. What is the remainder when p is divided by q?
2
Suppose -47 = -2*l - f, -452*f = -l - 453*f + 28. Let j(z) = 7*z + 8. Let x = 0 - -9. Calculate the remainder when j(x) is divided by l.
14
Suppose 0 = 3*c + 656*q - 661*q - 4118, -4*c + 5456 = 2*q. What is the remainder when c is divided by 72?
70
Suppose 0 = 3*k - 200 - 238. Let g = k + -122. Calculate the remainder when 46 is divided by g.
22
Let b(w) = -7*w**2 + 17*w + 5. Let c(h) = -7*h**2 + 18*h + 3. Let x(m) = -6*b(m) + 5*c(m). Calculate the remainder when 180 is divided by x(-2).
32
Let z(k) = -k**2 - 20*k + 214. Calculate the remainder when 3 - (-2 - 432/3) is divided by z(-27).
24
Let m(a) = 2*a**2 - 44*a + 35. Let d be m(21). Let p be (d*3*(-15)/63)/1. Suppose -t = -3, 2*f - p*t = f + 172. What is the remainder when f is divided by 47?
46
Let y(n) = n**3 - 4*n**2 + 10. Let b be y(6). Suppose -5*x + 114 = 4*r, -4*r = -5*x + b + 24. Calculate the remainder when 48 is divided by x.
4
Suppose -9*z + z = -36*z + 1232. Calculate the remainder when 93 is divided by z.
5
Let j(t) = 154*t**2 - t + 1. Let l = -14800 + 14812. What is the remainder when j(1) is divided by l?
10
Let f(p) = -5*p + 175. Let h be f(35). Let l = h - -69. Calculate the remainder when 274 is divided by l.
67
Let q(u) = 4*u**2 + 3*u - 30. Let m be 1*6 + 2 + -5. What is the remainder when 237 - m - 2 - 3 is divided by q(4)?
45
Let c = 11365 - 9643. Calculate the remainder when c is divided by 72.
66
Calculate the remainder when 19929 is divided by ((-3)/4*2)/((1566/(-528))/87).
41
Let u(k) = 11*k - 733. What is the remainder when (-2)/(5/((-2670)/4)) is divided by u(68)?
12
Suppose 5*l - 51 = -50*y + 48*y, 3*y - 4*l = 42. What is the remainder when y is divided by 1 + -4 + 7*2?
7
Let a(n) = 33*n**2 - 155*n - 2669. Calculate the remainder when a(-17) is divided by 88.
87
Suppose -5*t = -l + 153, 162 - 23 = l + 2*t. What is the remainder when 382 is divided by ((-132)/36 - -4) + l/3?
46
Let j(q) = 2513*q + 17602. Suppose 3*w - 288 = -w. What is the remainder when w is divided by j(-7)?
6
Suppose 5194 = -107*q + 27*q + 55114. Calculate the remainder when q is divided by 305.
14
Suppose 105 = 4*d + a, -3*d + 7*a + 63 = 10*a. Let r(o) = -o**3 - 3*o**2 + 1. Calculate the remainder when r(-6) is divided by d.
25
Let n(x) = 17 - 3*x - x + x. Let f be n(5). Calculate the remainder when 8 is divided by f/4 - (-14)/4.
0
Suppose -24*m - 10198 = -27281 - 12461. Calculate the remainder when m is divided by 137.
135
Let x = -126 + 128. Calculate the remainder when 1634/18 + -7*(-22)/693 is divided by x.
1
Let o be (-16 + 8)*7/(-4). Suppose -s + o = 2*g, 6*g + 4*s = g + 32. What is the remainder when 46 is divided by g?
6
Let t(q) = -q**3 - 6*q**2 + 23*q + 11. Let w be t(-9). Suppose 2*s + 3*n = 282, -4*s + w*n = 52*n - 566. What is the remainder when s is divided by 49?
46
Suppose 8*o + 54 = 11*o. Let h(w) = -12*w + 111. Let s be h(9). Suppose 3*i - 149 = -2*m, s*i + 31 = m - 30. Calculate the remainder when m is divided by o.
16
Suppose -g + 6 + 1 = 2*v, 2*g = -v - 1. Suppose v*r - 245 = p, -3*p + 47 - 14 = r. What is the remainder when 93 is divided by r?
45
Let r(v) = 30*v + 65. Let f(t) = t**3 + 11*t**2 - 12*t + 5. Let p be f(-12). Calculate the remainder when r(p) is divided by 12.
11
Let i be 8*(12 + -7 + -35). Let j = i + 356. Calculate the remainder when j is divided by 17.
14
Let n(f) = 10*f + 51. Let o = 200 + -186. Suppose -3 = -2*k + 29. Calculate the remainder when n(o) is divided by k.
15
Let c = 406 - 402. Suppose 1392 = c*s - 728. Calculate the remainder when s is divided by 13.
10
Suppose -34*i - 576 = -42*i. Calculate the remainder when i is divided by 12.
0
Suppose -8 = 4*s, -5*f + s + 58 = 2*s. Suppose 598 + 938 = 17*g + 397. Calculate the remainder when g is divided by f.
7
Suppose -4*v + 561 = -847. Let l = -289 + v. Calculate the remainder when 251 is divided by l.
62
Let v = -13 - -12. Let g be ((-1)/1 - v) + (-4)/(-2). Suppose 10*d + 3*s - 53 = 5*d, g*d - 5*s - 46 = 0. Calculate the remainder when 20 is divided by d.
7
Let l = 664 + -410. Suppose l*m - 248*m = 282. Calculate the remainder when m is divided by 17.
13
Let y be 3 - ((-20)/50)/(1/205). Let u = -55 + y. Calculate the remainder when 113 + (-2 - -4) + 1 is divided by u.
26
Let n(z) = 310*z**2 - 310*z**2 + 1 - 8*z**3. Let i be n(1). What is the remainder when (-2)/4 + (1526/(-4))/i is divided by 4?
2
What is the remainder when 46/(-6*3/(-171)) is divided by 31?
3
Calculate the remainder when 4960 is divided by ((-83)/(-7) - 2)*(195 + -188).
61
Let i(u) = -u**3 - 11*u**2 - 19*u + 8. What is the remainder when 931 is divided by i(-9)?
13
Let y = -135 + 224. Suppose 16*a = 18*a + 72. What is the remainder when y is divided by 31 + (-2)/6 + (-12)/a?
27
Suppose -5*l - 5*u = -1750, 128*u = l + 131*u - 346. What is the remainder when l is divided by 351?
1
Let u = 32 + -32. Suppose u = -7*l + 184 + 33. Calculate the remainder when 68 is divided by l.
6
Suppose -1487*a + 362 = -1477*a + 2. Calculate the remainder when 220 is divided by a.
4
Suppose -397*n = -946*n + 331596. What is the remainder when n is divided by 204?
196
Suppose 2*d = -5*i + 9*i + 38, 0 = -3*i + d - 26. Suppose m = 2*m - 30. What is the remainder when m is divided by 14 - (i - 12/(-3))?
13
Let q(s) be the third derivative of s**4/6 + 8*s**3/3 - 17*s**2. Let g be q(11). Let h = g + -28. What is the remainder when 95 is divided by h?
31
Let k = 2080 + -2031. What is the remainder when 437 is divided by k?
45
Let t = -216 - -319. Suppose -5*f - 3*z + t = -149, 5*z - 20 = 0. Calculate the remainder when f is divided by 17.
14
Suppose 0 = 2*u - 7*u + 10. Suppose u*t - 83 - 23 = 0. Let w = t - 30. Calculate the remainder when w is divided by 16.
7
Let b = -10687 - -10916. What is the remainder when 3888 is divided by b?
224
What is the remainder when 372 + -4 + 24 + 1 is divided by 148?
97
Let r = -1968 + 2028. What is the remainder when 335 is divided by r?
35
Let l(m) = 2*m**3 - 26*m**2 - 54*m - 68. Let i(y) = -y**3 - 4*y**2 - 4*y - 1. Let n be -2*2/(-2 + 3). What is the remainder when l(15) is divided by i(n)?
7
Let a(f) = 7*f + 66. Let d be a(-10). What is the remainder when 29 + -7 + (4 - d) is divided by 13?
4
Let f = -19539 - -19586. What is the remainder when 5583 is divided by f?
37
Suppose -7582 = -2*s - 4*a, -5*a = -2*s - a + 7550. Suppose -s = -v - 12*v. What is the remainder when v is divided by 14?
11
Suppose l - 104 = 4*g, 5*l + 102 - 722 = -5*g. Let x(m) = 60 - 2*m**2 + 5*m**2 - l + 59. Calculate the remainder when 53 is divided by x(-2).
9
Suppose 273*j - 260*j = 494. Suppose 0 = 2*m, 2*m = 2*c - 1355 - 7. What is the remainder when c is divided by j?
35
Suppose 0 = 3*g + 9*g - 23985 + 6561. Calculate the remainder when g is divided by 47.
42
Let r = -913 - -946. Let o(p) = 35*p + 7. Calculate the remainder when o(3) is divided by r.
13
Let i(z) = 3*z**2 - 171*z + 1016. What is the remainder when 297 is divided by i(6)?
3
Let i = 16042 - 13946. What is the remainder when i is divided by 163?
140
Let c(u) = 2*u**3 + 64*u**2 - 72*u + 89. Calculate the remainder when c(-33) is divided by 36.
35
Let z(a) = a**2 + 2*a + 3. Suppose -12 - 3 = 5*j. What is the remainder when 6/4*(-4)/108*102*-6 is divided by z(j)?
4
Suppose 31*l - 319 = 2*l. Let i(t) = 11*t + 7. What is the remainder when i(3) is divided by l?
7
Let n(x) = 160*x + 1467. Calculate the remainder when 221 is divided by n(-9).
5
Calculate the remainder when 2168 is divided by (-95 + 2)/(360/(-1200)).
308
Calculate the remainder when (-561)/374*(-5308)/6 is divided by 23.
16
Let m(i) = 15*i**2 - 11*i + 22. Let y(w) = -46*w**2 + 32*w - 66. Let p(x) = 7*m(x) + 2*y